001010000?
1011011111000001011111
In base 2, what is 11 - -111101011110111011111111?
111101011110111100000010
In base 11, what is 487559 + 8?
487566
In base 5, what is -120302310 - 10040?
-120312400
In base 9, what is -745752 + -1?
-745753
In base 2, what is 101001111100110110010101010 - 101?
101001111100110110010100101
In base 7, what is 653 - 3205?
-2222
In base 5, what is 132223122 + -33?
132223034
In base 14, what is -824 + -5b30d?
-5bb33
In base 14, what is 0 - 32ba3744?
-32ba3744
In base 11, what is -2 + 111701a5?
111701a3
In base 4, what is -2020012111122 - 1?
-2020012111123
In base 8, what is 1422 + -72763?
-71341
In base 11, what is -22 + -42711aa?
-4271221
In base 11, what is -2109a0 - -21?
-21097a
In base 13, what is -3605823 - -c?
-3605814
In base 13, what is a19111 - -11?
a19122
In base 4, what is -1120132131212 + -2?
-1120132131220
In base 14, what is 8 - 2430a6?
-24309c
In base 6, what is 3 + 10522000055?
10522000102
In base 14, what is 1 - 19a42c2?
-19a42c1
In base 9, what is 7 + -15525263?
-15525255
In base 11, what is -469 - 123a?
-16a8
In base 3, what is -122020020 + 1110012?
-120210001
In base 10, what is 17807222 - -4?
17807226
In base 3, what is 10200112 + -1022?
10122020
In base 15, what is 1850 + -1332?
51d
In base 13, what is -c42215a + 5?
-c422155
In base 15, what is 3 + -d1dc8a2?
-d1dc89e
In base 11, what is -173344 - 47?
-173390
In base 9, what is -35276784 - 13?
-35276807
In base 5, what is 3 + 110000043211?
110000043214
In base 3, what is 12122121111120 - -22111?
12122121211001
In base 14, what is 2 - 51c548?
-51c546
In base 16, what is -596 - 9e5?
-f7b
In base 13, what is 324180 - -37?
3241b7
In base 9, what is 133 - 2616?
-2473
In base 8, what is 6 - 11353035?
-11353027
In base 3, what is 100100201 + -120012?
22210112
In base 10, what is 3 + 14521529?
14521532
In base 14, what is -4 - -1686?
1682
In base 8, what is 24506522 + 2?
24506524
In base 7, what is -3 - 211023663?
-211023666
In base 7, what is -163301 - 4316?
-200620
In base 6, what is 5310021554 + 23?
5310022021
In base 15, what is -64c - 2e71?
-35bd
In base 7, what is -162204413 - 1?
-162204414
In base 2, what is -11 + 100000010101110101010011?
100000010101110101010000
In base 15, what is 3949 + -810c?
-46b3
In base 9, what is 572722 - 1280?
571432
In base 16, what is 4 - 65991b?
-659917
In base 8, what is 5 + 1027572?
1027577
In base 9, what is -50742 - -330?
-50412
In base 2, what is -1010101000101100110 + -1000100?
-1010101000110101010
In base 9, what is 111 - 2742416?
-2742305
In base 2, what is -100 + 1001000100111111001101101010?
1001000100111111001101100110
In base 15, what is 106 + 9b4b?
9c52
In base 10, what is -150622 + -402?
-151024
In base 6, what is -11533530 + 12?
-11533514
In base 14, what is 23aa80 + -5?
23aa79
In base 8, what is 425366 - -404?
425772
In base 16, what is 89 + 37b7?
3840
In base 7, what is 2220 + -1433235?
-1431015
In base 10, what is -972 + -11176?
-12148
In base 10, what is 63446438 + -5?
63446433
In base 5, what is -320313113 - -110?
-320313003
In base 11, what is 321936 + 2?
321938
In base 8, what is -166361 - -22177?
-144162
In base 7, what is -32123115 + -35?
-32123153
In base 15, what is 1 - b74d53b?
-b74d53a
In base 5, what is 1301420123244 + -4?
1301420123240
In base 7, what is 2 + 151516464?
151516466
In base 3, what is -1110110202120 + 21?
-1110110202022
In base 10, what is -1637859 + 4?
-1637855
In base 9, what is -4 - 28113072?
-28113076
In base 7, what is 1 + 3121563250?
3121563251
In base 2, what is 10111110010111010100010 + -101?
10111110010111010011101
In base 2, what is 1011001111100111 - -10000001?
1011010001101000
In base 11, what is -2a4016 + -37?
-2a4052
In base 10, what is 3020 - -181?
3201
In base 13, what is 482021 - 3a5?
481949
In base 2, what is 10011 + 1011011100101101111110?
1011011100101110010001
In base 13, what is -2b468 - 1076?
-2c511
In base 6, what is -10451413 - 521?
-10452334
In base 16, what is -56e5 + -1d?
-5702
In base 2, what is 1011 - 100101000100110000100?
-100101000100101111001
In base 4, what is 111011203011000 - 2?
111011203010332
In base 9, what is -15 + -13638307?
-13638323
In base 11, what is 2 - -7133617?
7133619
In base 13, what is -4050 - 78?
-40c8
In base 6, what is 30230010 - -245?
30230255
In base 15, what is 70e - -3a?
749
In base 4, what is 1130 - -113010300032?
113010301222
In base 14, what is -4a1a3a5 + 1?
-4a1a3a4
In base 15, what is -1 + 167d34b?
167d34a
In base 16, what is -2 + c6d21c?
c6d21a
In base 14, what is -4 + 1a2dc18?
1a2dc14
In base 16, what is -760c4f + -5?
-760c54
In base 8, what is -23 - 32052220?
-32052243
In base 10, what is -161 + -280524?
-280685
In base 3, what is 12 + 2021212211020111?
2021212211020200
In base 7, what is -64460 - 2634?
-100424
In base 12, what is 397 + 654b3?
6588a
In base 11, what is 12093a7 - 5?
12093a2
In base 13, what is 221a4ac - -5?
221a4b4
In base 7, what is -612 - 14062?
-15004
In base 11, what is -41634 + 27?
-41608
In base 15, what is 131d46b - -2?
131d46d
In base 16, what is d3c5 - -24e?
d613
In base 8, what is 1 - 1172013106?
-1172013105
In base 3, what is -10 - -10201020011000?
10201020010220
In base 6, what is -5040 - -4131?
-505
In base 5, what is 1132112013 - -421?
1132112434
In base 7, what is 1 - 262026303?
-262026302
In base 15, what is 72cb5bd - -2?
72cb5c0
In base 16, what is -903b - -6bf?
-897c
In base 8, what is -34 + -2506474?
-2506530
In base 11, what is -205302695 - -3?
-205302692
In base 12, what is -4 - a50425?
-a50429
In base 2, what is 110 - 10110000011000000000?
-10110000010111111010
In base 6, what is 4 + 545510135?
545510143
In base 14, what is 315437 + -183?
315294
In base 4, what is -2032232 - 1022?
-2033320
In base 9, what is 0 - 182048322?
-182048322
In base 2, what is 111001100100101 - 1001110001101?
101111110011000
In base 13, what is 82514 - 2?
82512
In base 7, what is -55200 - 422?
-55622
In base 11, what is -2 - -a87305?
a87303
In base 2, what is -1000010010101111001010101100 + 0?
-1000010010101111001010101100
In base 5, what is 3410041 + -11323?
3343213
In base 16, what is c56 - -1147?
1d9d
In base 5, what is 344 + -221210414?
-221210020
In base 15, what is 37e29 + 51?
37e7a
In base 15, what is -54670 - -619?
-54056
In base 5, what is -24023 + 122040?
43012
In base 13, what is a74a485 + -2?
a74a483
In base 2, what is 10101100110100110 - -100010?
10101100111001000
In base 3, what is -10000 + 2210100101?
2210020101
In base 8, what is 6505760 + 3?
6505763
In base 8, what is 53 + 1702725?
1703000
In base 5, what is 3 - -14042304424?
14042304432
In base 2, what is -1000010001 + -101110110110010?
-101111111000011
In base 7, what is -156621 - -61?
-156530
In base 16, what is 29 + 78aacc?
78aaf5
In base 7, what is -435253515 - 0?
-435253515
In base 12, what is 505a4 + 95?
50679
In base 7, what is 1 - -1010560630?
1010560631
In base 3, what is 10002 - -10112021120201?
10112021200210
In base 2, what is 1000000000101111111111011100 - 101?
1000000000101111111111010111
In base 15, what is 1610d + 262?
16370
In base 11, what is -2 - -14681397?
14681395
In base 9, what is -108620 - 11782?
-121512
In base 14, what is 102 + -dbc?
-cba
In base 12, what is -8569 + -201?
-876a
In base 2, what is 11010010 - -11000001110011?
11000101000101
In base 3, what is -1001112002120112 + -121?
-1001112002121010
In base 9, what is 703344837 + 0?
703344837
In base 14, what is -17d40a - -35?
-17d3b5
In base 4, what is -230122321 - -111?
-230122210
In base 11, what is 24952 + -8?
24945
In base 11, what is -93 - 15003?
-15096
In base 14, what is 686c71c + 2?
686c720
In base 14, what is -b681 + -6902?
-14183
In base 16, what is 5 + a46b1?
a46b6
In base 4, what is 22201 - 2023100?
-2000233
In base 3, what is -12210000202 - 102101?
-12210110010
In base 11, what is -1a - -1092485?
1092466
In base 9, what is 1814002 - 4?
1813887
In base 13, what is -19 + -297b9?
-29805
In base 8, what is -15 - -624444?
624427
In base 15, what is -63b5 + 1d0?
-61d5
In base 6, what is 22 - -10042054?
10042120
In base 9, what is -103 - -786550?
786446
In base 13, what is 3 + 1a3cb221?
1a3cb224
In base 15, what is 1cc1 - 154e?
772
In base 9, what is -2321 + -8202?
-11523
In base 8, what is 130 + 174613?
174743
In base 14, what is -141ac - -